{"id":10,"date":"2025-10-23T09:41:39","date_gmt":"2025-10-23T09:41:39","guid":{"rendered":"https:\/\/www.trans-japex.pl\/?page_id=10"},"modified":"2025-10-23T09:45:09","modified_gmt":"2025-10-23T09:45:09","slug":"10-2","status":"publish","type":"page","link":"https:\/\/www.trans-japex.pl\/?page_id=10","title":{"rendered":"Trans-Japex"},"content":{"rendered":"\n<figure class=\"wp-block-image size-large\"><img loading=\"lazy\" decoding=\"async\" width=\"1024\" height=\"294\" src=\"https:\/\/www.trans-japex.pl\/wp-content\/uploads\/2025\/10\/logo-1024x294.png\" alt=\"\" class=\"wp-image-11\" srcset=\"https:\/\/www.trans-japex.pl\/wp-content\/uploads\/2025\/10\/logo-1024x294.png 1024w, https:\/\/www.trans-japex.pl\/wp-content\/uploads\/2025\/10\/logo-300x86.png 300w, https:\/\/www.trans-japex.pl\/wp-content\/uploads\/2025\/10\/logo-768x220.png 768w, https:\/\/www.trans-japex.pl\/wp-content\/uploads\/2025\/10\/logo-1536x441.png 1536w, https:\/\/www.trans-japex.pl\/wp-content\/uploads\/2025\/10\/logo.png 1749w\" sizes=\"auto, (max-width: 1024px) 100vw, 1024px\" \/><\/figure>\n\n\n\n<p><br><br>D\u0119bina 84a<br>37-100 \u0141a\u0144cut<br>Poland<br><br>VAT ID PL8151746902<br>MOB +48781559007<br>Email : k.pelc@trans-japex.pl<\/p>\n\n\n\n<figure class=\"wp-block-image size-full\"><img loading=\"lazy\" decoding=\"async\" width=\"1000\" height=\"250\" src=\"https:\/\/www.trans-japex.pl\/wp-content\/uploads\/2025\/10\/stopka_ok_popr-1.png\" alt=\"\" class=\"wp-image-12\" srcset=\"https:\/\/www.trans-japex.pl\/wp-content\/uploads\/2025\/10\/stopka_ok_popr-1.png 1000w, https:\/\/www.trans-japex.pl\/wp-content\/uploads\/2025\/10\/stopka_ok_popr-1-300x75.png 300w, https:\/\/www.trans-japex.pl\/wp-content\/uploads\/2025\/10\/stopka_ok_popr-1-768x192.png 768w\" sizes=\"auto, (max-width: 1000px) 100vw, 1000px\" \/><\/figure>\n","protected":false},"excerpt":{"rendered":"<p>D\u0119bina 84a37-100 \u0141a\u0144cutPoland VAT ID PL8151746902MOB +48781559007Email : k.pelc@trans-japex.pl<\/p>\n","protected":false},"author":1,"featured_media":0,"parent":0,"menu_order":0,"comment_status":"closed","ping_status":"closed","template":"","meta":{"footnotes":""},"class_list":["post-10","page","type-page","status-publish","hentry"],"_links":{"self":[{"href":"https:\/\/www.trans-japex.pl\/index.php?rest_route=\/wp\/v2\/pages\/10","targetHints":{"allow":["GET"]}}],"collection":[{"href":"https:\/\/www.trans-japex.pl\/index.php?rest_route=\/wp\/v2\/pages"}],"about":[{"href":"https:\/\/www.trans-japex.pl\/index.php?rest_route=\/wp\/v2\/types\/page"}],"author":[{"embeddable":true,"href":"https:\/\/www.trans-japex.pl\/index.php?rest_route=\/wp\/v2\/users\/1"}],"replies":[{"embeddable":true,"href":"https:\/\/www.trans-japex.pl\/index.php?rest_route=%2Fwp%2Fv2%2Fcomments&post=10"}],"version-history":[{"count":2,"href":"https:\/\/www.trans-japex.pl\/index.php?rest_route=\/wp\/v2\/pages\/10\/revisions"}],"predecessor-version":[{"id":17,"href":"https:\/\/www.trans-japex.pl\/index.php?rest_route=\/wp\/v2\/pages\/10\/revisions\/17"}],"wp:attachment":[{"href":"https:\/\/www.trans-japex.pl\/index.php?rest_route=%2Fwp%2Fv2%2Fmedia&parent=10"}],"curies":[{"name":"wp","href":"https:\/\/api.w.org\/{rel}","templated":true}]}}